s the tens digit of 1169399?
9
What is the thousands digit of 41451661?
1
What is the hundreds digit of 211039?
0
What is the hundreds digit of 1738318?
3
What is the hundred thousands digit of 5543369?
5
What is the tens digit of 915050?
5
What is the tens digit of 4353?
5
What is the hundred thousands digit of 3091308?
0
What is the ten thousands digit of 2625991?
2
What is the hundreds digit of 154973?
9
What is the thousands digit of 1311411?
1
What is the thousands digit of 1766619?
6
What is the hundreds digit of 1087595?
5
What is the ten thousands digit of 4014664?
1
What is the thousands digit of 1288031?
8
What is the tens digit of 21242981?
8
What is the tens digit of 4273444?
4
What is the hundred thousands digit of 4586928?
5
What is the hundreds digit of 6466313?
3
What is the hundred thousands digit of 762464?
7
What is the tens digit of 12762118?
1
What is the tens digit of 203951?
5
What is the hundreds digit of 103611?
6
What is the units digit of 4703911?
1
What is the thousands digit of 1196212?
6
What is the hundred thousands digit of 289109?
2
What is the hundreds digit of 15224805?
8
What is the units digit of 131053?
3
What is the hundreds digit of 63034?
0
What is the thousands digit of 388736?
8
What is the ten thousands digit of 19840113?
4
What is the hundreds digit of 9657888?
8
What is the units digit of 20379162?
2
What is the units digit of 585902?
2
What is the ten thousands digit of 522215?
2
What is the hundred thousands digit of 278441?
2
What is the tens digit of 28051070?
7
What is the thousands digit of 852842?
2
What is the ten thousands digit of 2925299?
2
What is the thousands digit of 1184620?
4
What is the hundred thousands digit of 504474?
5
What is the ten thousands digit of 7808093?
0
What is the hundreds digit of 20792995?
9
What is the ten thousands digit of 1227197?
2
What is the thousands digit of 24836?
4
What is the hundreds digit of 652717?
7
What is the hundreds digit of 130782?
7
What is the millions digit of 3000054?
3
What is the tens digit of 13215782?
8
What is the hundreds digit of 468917?
9
What is the hundreds digit of 2895385?
3
What is the hundred thousands digit of 189748?
1
What is the hundreds digit of 3707864?
8
What is the millions digit of 2177470?
2
What is the hundreds digit of 1036909?
9
What is the millions digit of 2128210?
2
What is the units digit of 163529?
9
What is the ten thousands digit of 8036118?
3
What is the thousands digit of 9662633?
2
What is the units digit of 2399146?
6
What is the ten thousands digit of 30954?
3
What is the ten thousands digit of 8196681?
9
What is the units digit of 1580516?
6
What is the thousands digit of 1299283?
9
What is the hundreds digit of 1328566?
5
What is the units digit of 151863?
3
What is the thousands digit of 1127188?
7
What is the tens digit of 1517570?
7
What is the ten thousands digit of 2316442?
1
What is the hundreds digit of 407916?
9
What is the ten thousands digit of 1237508?
3
What is the hundred thousands digit of 3600197?
6
What is the hundred thousands digit of 10774778?
7
What is the millions digit of 8317353?
8
What is the hundred thousands digit of 27216663?
2
What is the thousands digit of 163903?
3
What is the hundreds digit of 5753462?
4
What is the hundred thousands digit of 775045?
7
What is the tens digit of 340948?
4
What is the millions digit of 24214620?
4
What is the hundred thousands digit of 257829?
2
What is the units digit of 4408165?
5
What is the units digit of 802815?
5
What is the millions digit of 1184245?
1
What is the hundreds digit of 75275?
2
What is the hundreds digit of 8061516?
5
What is the hundred thousands digit of 8500060?
5
What is the millions digit of 3360781?
3
What is the millions digit of 1557431?
1
What is the millions digit of 3889786?
3
What is the hundreds digit of 431901?
9
What is the tens digit of 448992?
9
What is the units digit of 208788?
8
What is the ten thousands digit of 155756?
5
What is the hundred thousands digit of 157996?
1
What is the hundred thousands digit of 31812424?
8
What is the tens digit of 367218?
1
What is the tens digit of 5135383?
8
What is the hundred thousands digit of 1879176?
8
What is the hundred thousands digit of 1076091?
0
What is the hundreds digit of 2223182?
1
What is the hundreds digit of 26343?
3
What is the tens digit of 5449225?
2
What is the tens digit of 5409556?
5
What is the millions digit of 7993335?
7
What is the units digit of 77933?
3
What is the units digit of 14084791?
1
What is the thousands digit of 3242088?
2
What is the units digit of 568098?
8
What is the thousands digit of 73525?
3
What is the ten thousands digit of 1336852?
3
What is the hundred thousands digit of 1642894?
6
What is the thousands digit of 823891?
3
What is the units digit of 1533480?
0
What is the ten thousands digit of 167590?
6
What is the hundreds digit of 7415437?
4
What is the tens digit of 186993?
9
What is the thousands digit of 2634?
2
What is the tens digit of 192389?
8
What is the units digit of 1065266?
6
What is the hundreds digit of 723538?
5
What is the tens digit of 616344?
4
What is the units digit of 8211201?
1
What is the tens digit of 1542149?
4
What is the units digit of 11788684?
4
What is the hundred thousands digit of 911225?
9
What is the tens digit of 3361532?
3
What is the units digit of 90882?
2
What is the units digit of 746874?
4
What is the millions digit of 1045523?
1
What is the units digit of 433525?
5
What is the units digit of 638961?
1
What is the ten thousands digit of 7323727?
2
What is the tens digit of 1196355?
5
What is the thousands digit of 2073812?
3
What is the tens digit of 4185234?
3
What is the hundred thousands digit of 231374?
2
What is the thousands digit of 329529?
9
What is the ten thousands digit of 12744844?
4
What is the units digit of 3630923?
3
What is the ten millions digit of 11857291?
1
What is the tens digit of 5103783?
8
What is the thousands digit of 4830643?
0
What is the ten thousands digit of 88281?
8
What is the tens digit of 149952?
5
What is the ten thousands digit of 3644956?
4
What is the hundreds digit of 307204?
2
What is the thousands digit of 26292?
6
What is the units digit of 483217?
7
What is the tens digit of 2497313?
1
What is the units digit of 8596723?
3
What is the thousands digit of 2498385?
8
What is the hundred thousands digit of 252738?
2
What is the millions digit of 1658332?
1
What is the hundreds digit of 478756?
7
What is the ten thousands digit of 3184452?
8
What is the thousands digit of 19142?
9
What is the tens digit of 3102087?
8
What is the hundred thousands digit of 11495290?
4
What is the ten thousands digit of 1571825?
7
What is the hundreds digit of 3023623?
6
What is the ten thousands digit of 314086?
1
What is the hundreds digit of 72690?
6
What is the ten thousands digit of 977384?
7
What is the millions digit of 21928956?
1
What is the ten thousands digit of 14705915?
0
What is the hundred thousands digit of 34006327?
0
What is the tens digit of 1769424?
2
What is the tens digit of 592871?
7
What is the thousands digit of 212679?
2
What is the ten thousands digit of 2951335?
5
What is the millions digit of 34323452?
4
What is the ten thousands digit of 241677?
4
What is the ten thousands digit of 51460?
5
What is the ten thousands digit of 1682553?
8
What is the tens digit of 736360?
6
What is the hundred thousands digit of 154185?
1
What is the hundreds digit of 992927?
9
What is the tens digit of 76969?
6
What is the tens digit of 205623?
2
What is the hundreds digit of 511836?
8
What is the tens digit of 6788298?
9
What is the ten thousands digit of 1288834?
8
What is the ten thousands digit of 4061615?
6
What is the millions digit of 3518336?
3
What is the tens digit of 5089308?
0
What is the hundreds digit of 7309685?
6
What is the thousands digit of 84049?
4
What is the tens digit of 132205?
0
What is the thousands digit of 5840852?
0
What is the hundreds digit of 13819770?
7
What is the ten thousands digit of 29953?
2
What is the tens digit of 802272?
7
What is the hundreds digit of 23272138?
1
What is the ten thousands digit of 13388556?
8
What is the ten thousands digit of 232708?
3
What is the tens digit of 81829?
2
What